True
Does 11 divide 1097?
False
Is 34796 a multiple of 41?
False
Is 6009 a multiple of 122?
False
Does 74 divide 19339?
False
Is 52 a factor of 2028?
True
Is 26 a factor of 5698?
False
Does 18 divide 612?
True
Is 44 a factor of 9864?
False
Is 22 a factor of 880?
True
Is 14 a factor of 714?
True
Is 14 a factor of 37727?
False
Is 172 a multiple of 43?
True
Is 13 a factor of 54405?
True
Does 15 divide 40742?
False
Does 10 divide 1020?
True
Is 128 a factor of 57115?
False
Does 18 divide 23436?
True
Does 83 divide 84016?
False
Does 18 divide 4913?
False
Is 448 a multiple of 5?
False
Is 932 a multiple of 6?
False
Is 34852 a multiple of 86?
False
Does 33 divide 528?
True
Is 21 a factor of 1477?
False
Does 43 divide 578?
False
Is 252 a multiple of 21?
True
Is 4 a factor of 381?
False
Is 82 a factor of 85333?
False
Is 8 a factor of 528?
True
Is 10 a factor of 3730?
True
Does 9 divide 19492?
False
Does 50 divide 6416?
False
Does 51 divide 9945?
True
Is 52114 a multiple of 172?
False
Is 18 a factor of 5004?
True
Is 16 a factor of 2703?
False
Is 26484 a multiple of 6?
True
Is 15 a factor of 2825?
False
Does 8 divide 2035?
False
Does 27 divide 307?
False
Does 15 divide 34455?
True
Does 8 divide 2856?
True
Does 2 divide 327?
False
Is 160 a factor of 4000?
True
Does 18 divide 16622?
False
Is 374 a multiple of 32?
False
Is 3096 a multiple of 8?
True
Is 8 a factor of 113?
False
Is 22 a factor of 3219?
False
Does 5 divide 879?
False
Does 13 divide 4704?
False
Is 479 a multiple of 8?
False
Does 65 divide 140204?
False
Is 300 a factor of 18300?
True
Is 396 a multiple of 22?
True
Does 12 divide 48?
True
Does 29 divide 609?
True
Is 225 a multiple of 3?
True
Is 210 a factor of 16526?
False
Is 5088 a multiple of 10?
False
Does 31 divide 658?
False
Does 28 divide 448?
True
Is 4 a factor of 448?
True
Is 1720 a multiple of 8?
True
Is 7427 a multiple of 52?
False
Is 9405 a multiple of 99?
True
Is 29 a factor of 7327?
False
Does 5 divide 34333?
False
Is 98 a factor of 34952?
False
Does 109 divide 23930?
False
Is 61425 a multiple of 27?
True
Is 7 a factor of 528?
False
Is 211 a factor of 48419?
False
Does 6 divide 492?
True
Is 14487 a multiple of 11?
True
Is 5846 a multiple of 77?
False
Is 13 a factor of 3809?
True
Is 791 a multiple of 4?
False
Is 3 a factor of 839?
False
Is 4930 a multiple of 10?
True
Is 590 a multiple of 10?
True
Is 77 a factor of 154?
True
Is 15918 a multiple of 6?
True
Does 2 divide 1894?
True
Is 3 a factor of 8574?
True
Does 13 divide 152?
False
Does 105 divide 29540?
False
Is 7 a factor of 492?
False
Does 10 divide 45?
False
Does 14 divide 335?
False
Is 4 a factor of 509?
False
Is 8 a factor of 2846?
False
Does 10 divide 25541?
False
Is 6349 a multiple of 5?
False
Does 19 divide 10298?
True
Is 80304 a multiple of 16?
True
Is 13 a factor of 234?
True
Does 27 divide 2565?
True
Does 23 divide 4485?
True
Is 4232 a multiple of 23?
True
Does 3 divide 6487?
False
Is 222 a multiple of 93?
False
Does 11 divide 22375?
False
Is 2916 a multiple of 49?
False
Does 8 divide 1600?
True
Is 1650 a multiple of 11?
True
Does 10 divide 646?
False
Does 19 divide 912?
True
Is 33 a factor of 14718?
True
Is 9 a factor of 243?
True
Is 5 a factor of 5646?
False
Does 42 divide 1806?
True
Does 30 divide 384?
False
Is 2874 a multiple of 6?
True
Is 9 a factor of 909?
True
Is 3995 a multiple of 60?
False
Is 29336 a multiple of 177?
False
Is 222 a factor of 34854?
True
Is 10 a factor of 830?
True
Is 30 a factor of 1620?
True
Is 5903 a multiple of 6?
False
Is 9 a factor of 208?
False
Is 35 a factor of 1470?
True
Is 11 a factor of 52562?
False
Is 26 a factor of 1205?
False
Is 124 a factor of 8184?
True
Is 365 a multiple of 73?
True
Does 8 divide 233?
False
Does 170 divide 38207?
False
Is 21584 a multiple of 4?
True
Does 54 divide 12474?
True
Is 2539 a multiple of 9?
False
Does 105 divide 3078?
False
Is 25957 a multiple of 21?
False
Does 44 divide 61786?
False
Is 20 a factor of 323?
False
Does 16 divide 22602?
False
Does 10 divide 15287?
False
Does 30 divide 1440?
True
Is 21 a factor of 1212?
False
Is 13 a factor of 1108?
False
Is 29 a factor of 992?
False
Is 219 a factor of 219?
True
Does 107 divide 3424?
True
Is 38 a factor of 24700?
True
Is 628 a multiple of 4?
True
Does 117 divide 1638?
True
Is 11 a factor of 715?
True
Is 52212 a multiple of 76?
True
Does 16 divide 113856?
True
Is 21 a factor of 3990?
True
Is 24525 a multiple of 15?
True
Is 7 a factor of 514?
False
Is 15 a factor of 1005?
True
Is 18 a factor of 2772?
True
Is 748 a multiple of 34?
True
Is 7905 a multiple of 92?
False
Is 23 a factor of 942?
False
Is 1151 a multiple of 56?
False
Does 15 divide 870?
True
Is 61 a factor of 38979?
True
Does 45 divide 123120?
True
Does 15 divide 3867?
False
Does 19 divide 52474?
False
Is 84 a factor of 5442?
False
Does 5 divide 398?
False
Does 7 divide 126?
True
Is 24 a factor of 29088?
True
Is 58 a factor of 12064?
True
Is 2758 a multiple of 16?
False
Is 1121 a multiple of 17?
False
Is 492 a multiple of 3?
True
Is 66 a factor of 7208?
False
Does 9 divide 19903?
False
Does 22 divide 497?
False
Is 1970 a multiple of 84?
False
Does 95 divide 27835?
True
Is 51923 a multiple of 286?
False
Does 6 divide 966?
True
Does 14 divide 854?
True
Does 11 divide 8679?
True
Is 748 a multiple of 89?
False
Is 828 a multiple of 36?
True
Is 357 a multiple of 2?
False
Is 6 a factor of 78?
True
Is 6810 a multiple of 9?
False
Is 2863 a multiple of 2?
False
Does 15 divide 1453?
False
Does 11 divide 6076?
False
Is 22583 a multiple of 183?
False
Is 510 a multiple of 34?
True
Is 4524 a multiple of 52?
True
Does 43 divide 2881?
True
Is 176 a multiple of 14?
False
Is 25 a factor of 48200?
True
Does 11 divide 20537?
True
Is 248 a multiple of 29?
False
Is 39 a factor of 468?
True
Does 13 divide 2248?
False
Is 26320 a multiple of 40?
True
Is 1425 a multiple of 43?
False
Is 7 a factor of 1133?
False
Is 25941 a multiple of 38?
False
Is 32 a factor of 34?
False
Is 9049 a multiple of 13?
False
Does 68 divide 1889?
False
Does 9 divide 27539?
False
Is 3192 a multiple of 114?
True
Is 33 a factor of 660?
True
Is 4 a factor of 192?
True
Does 7 divide 406?
True
Does 4 divide 34703?
False
Is 9 a factor of 33704?
False
Does 7 divide 46?
False
Does 114 divide 3990?
True
Is 4221 a multiple of 9?
True
Is 27 a factor of 1755?
True
Is 884 a multiple of 8?
False
Is 40 a multiple of 20?
True
Does 93 divide 12079?
False
Does 19 divide 9037?
False
Is 33891 a multiple of 79?
True
Is 608 a multiple of 32?
True
Does 5 divide 1716?
False
Is 64 a factor of 6656?
True
Does 12 divide 468?
True
Is 9 a factor of 2601?
True
Is 3185 even?
False
Does 55 divide 3286?
False
Is 3 a factor of 197?
False
Is 590 a multiple of 63?
False
Is 76 a factor of 8224?
False
Is 17 a factor of 6664?
True
Is 1169 a multiple of 95?
False
Does 36 divide 7056?
True
Does 41 divide 328?
True
Is 31 a factor of 31?
True
Does 128 divide 19760?
False
Is 23 a factor of 2323?
True
Is 12 a factor of 669?
False
Is 24 a factor of 600?
True
Is 10 a factor of 270?
True
Is 2592 a multiple of 24?
True
Is 3360 a multiple of 20?
True
Is 37 a factor of 6734?
True
Is 32 a factor of 74?
False
Does 41 divide 738?
True
Does 42 divide 858?
False
Does 11 divide 10202?
False
Is 17 a factor of 18933?
False
Is 14 a factor of 114?
False
Does 57 divide 261?
False
Is 17 a multiple of 4?
False
Does 29 divide 530?
False
Is 22 a factor of 43868?
True
Is 15 a factor of 2819?
False
Is 1596 even?
True
Is 4 a factor of 1308?
True
Does 5 divide 7367?
False
Is 400 a multiple of 10?
True
Is 40100 a multiple of 212?
False
Does 5 divide 39015?
True
Is 3354 a multiple of 3?
True
Is 27 a factor of 1707?
False
Is 17 a factor of 295?
False
Does 3 divide 151?
False
Is 5 a factor of 322?
False
Does 53 divide 54344?
False
Is 21 a factor of 3998?
False
Does 13 divide 16536?
True
Does 56 divide 504?
True
Is 49 a factor of 833?
True
Is 17 a factor of 1560?
False
Is 2 a factor of 29?
False
Does 87 divide 26100?
True
Does 217 divide 87451?
True
Does 18 divide 972?
True
Does 4 divide 410?
False
Is 2161 a multiple of 21?
False
Does 4 divide 368?
True
Is 36 a factor of 12708?
True
Is 636 a multiple of 18?
False
Is 4535 a multiple of 54?
False
Does 14 divide 5138?
True
Is 2147 a multiple of 113?
True
Is 163 a factor of 5053?